) = 25*k - 7. Let b be w(9). Suppose 8*z = b + 486. Calculate the greatest common factor of z and 16.
8
Suppose 3*u = 6*u + 99. Let t = u + 69. Let l = -890 - -980. Calculate the highest common divisor of t and l.
18
Let y = -448 - -454. Let x(v) = v**3 - 3*v**2 + 22*v - 15. Let i be x(y). Calculate the greatest common factor of 75 and i.
75
Suppose 540*o + 79*o - 1952 = 131*o. Suppose 5*r = r + 20. Calculate the highest common divisor of o and r.
1
Let s(b) be the second derivative of 3*b**5/20 - b**3/2 - b**2 - 19*b. Let k be s(-1). Let y be 23 + (9 + 1)/k. What is the greatest common factor of y and 12?
6
Suppose -k - 4*s - 166 = 0, 2*s - 830 = 5*k - s. Let v = 206 + k. What is the highest common factor of 440 and v?
40
Suppose 36*k - 113370 - 78476 = -2198. What is the highest common divisor of k and 24?
12
Suppose -2*a - 3*a + 20 = 0, -3*z + 3*a - 12 = 0. Suppose 3*q - 506 + 2 = z. What is the greatest common divisor of 16 and q?
8
Suppose -31*y - 54 = -29*y. Let k be 3 + 75/y + 322/9. Let b = -27 + k. Calculate the greatest common divisor of b and 36.
9
Let b be (16 - 45) + 18 + 181. What is the greatest common divisor of b and 6715?
85
Let j be (-1816)/(-4) + 20*7/70. What is the highest common divisor of j and 72?
24
Let g(a) = 44*a**3 - 9*a**2 - 14*a - 6. Let b be g(4). What is the greatest common factor of b and 12?
6
Let d(p) be the first derivative of 101*p**2/2 - 56*p - 21. Let a be d(4). What is the highest common divisor of a and 12?
12
Let u = -39 + 129. Suppose -48*z = 25*z - 14965. Let a = z - 195. Calculate the highest common divisor of u and a.
10
Let r = 346 + -325. Suppose r*o + 432 = 25*o. What is the greatest common factor of o and 162?
54
Suppose -3*u - 4*i + 31 = 5, 3*u - 2*i - 32 = 0. Let m be ((-68)/u)/(5/(-250)). Calculate the highest common divisor of 20 and m.
20
Let o be ((-27)/36)/((-1)/160). Suppose -11*l = -774 - 18. Calculate the highest common factor of l and o.
24
Let z be -2*((-30951)/(-4))/((-219)/146). Calculate the highest common divisor of 171 and z.
57
Let w be 2*-5*1920294/(-1935). What is the greatest common factor of 24 and w?
12
Let q(w) = 560*w - 928. Let s be q(2). Calculate the greatest common divisor of s and 512.
64
Suppose -78*u = -1680 + 276. Calculate the highest common factor of u and 111.
3
Suppose 2*d + 5*l - 132 = 0, -2 - 6 = -2*l. Suppose d*n = 57*n. Suppose -2*c - 3*v + 55 = n, c - 3*v = v + 33. What is the highest common factor of 145 and c?
29
Let f(t) = -25*t - 50 - 17*t + 52*t - 16*t - 15*t + 2*t**2. Let c be f(-3). Calculate the highest common factor of c and 341.
31
Suppose -v - 21*v = -3458 - 14934. Calculate the greatest common divisor of 132 and v.
44
Suppose 0 = -8*t + 13*t - 25. Suppose t*r - 271 = v, 4*v - 3*r + 968 = -82. Let y be 9/18 - (-4)/((-24)/v). Calculate the highest common divisor of y and 110.
22
Let l(s) = -31 + s**2 + 18*s - 2*s + 3 + 3*s**2. Let y be l(-8). Let u = 14 + 6. Calculate the highest common factor of u and y.
20
Suppose 2*y = 3 - 15. Let p = 18 + y. Let o be (-8)/12 - (-116)/p. What is the highest common factor of 9 and o?
9
Let c(a) = 13*a - 15. Let k be c(2). Suppose -2*i - 140 = -3*w, -51 = 10*w - k*w + 5*i. Calculate the greatest common divisor of 2 and w.
2
Suppose -145 = 21*n - 26*n. Suppose -n*d = -28*d - 35. What is the highest common factor of 20 and d?
5
Let n(d) = -3*d**2 + 141*d - 950. Let m be n(37). What is the highest common divisor of m and 152?
8
Suppose 67*u + 88 = 2*v + 69*u, 5*u = -v + 40. What is the greatest common divisor of 855 and v?
45
Let d(w) = 2*w**2 - 89*w + 821. Let v be d(13). Calculate the highest common factor of v and 674.
2
Suppose 35*i + 2*j - 2464 = 0, 87 - 10 = i + j. Calculate the highest common factor of 31710 and i.
70
Let o(p) = 2*p**2 + p - 3*p - 2*p + 6. Let a be o(3). Suppose 4*d + 3*q + q + a = 0, 2*d - 3*q = 14. What is the highest common factor of 5 and d?
1
Let v = 80 + -67. Suppose -4*c + v*c - 171 = 0. What is the greatest common divisor of c and 133?
19
Let d(h) = -2*h**3 + 19*h**2 + 13*h + 21. Let g be d(-3). What is the highest common factor of g and 171?
9
Suppose 2*b - 2*r + 156 = 6*b, -195 = -5*b - 5*r. Let v be b/((-9)/(-3))*(1 + 1). Calculate the greatest common divisor of v and 286.
26
Let i(r) = 7*r - 3. Let u be i(2). Let d = -853 + 1315. What is the highest common factor of d and u?
11
Suppose 0 = -79699*m + 79701*m - 830. What is the highest common divisor of m and 130?
5
Let o(n) = 145*n - 2027. Let u be o(19). What is the highest common factor of 104 and u?
104
Suppose -r + 32 + 20 = 0. Suppose 5*u = 5*q + r - 7, 0 = -3*q - 5*u + 13. Let k be 2/q*(-4)/1*8. Calculate the highest common divisor of k and 176.
16
Suppose -k - 15467 = -2*b, 5*k + 42054 = 5*b + 3379. What is the highest common factor of 4 and b?
4
Let y(m) = -26*m**3 + 5*m**2 + 6*m + 11. Let x be y(-3). Calculate the highest common divisor of 1332 and x.
148
Let p(f) = f**2 + 291*f - 864. Let b be p(3). Suppose -2*a - 5*d + 3 + 62 = 0, -5*d = 5*a - 200. What is the greatest common divisor of b and a?
9
Let s(x) = -50*x - 1. Let d be s(-1). Let m = 61198 + -61191. What is the greatest common factor of m and d?
7
Let y be 2817868/598 + 2/(-13) - 20/5. Calculate the greatest common factor of 44 and y.
44
Suppose -2*b = t - 287, -b + 33 = 4*t - 100. Let d be -3 + (-8 + 6)/(4/(-122)). What is the highest common factor of b and d?
29
Let g be (-116)/(-19) - 208/1976. Calculate the greatest common divisor of 3078 and g.
6
Let u = 98216 + -98209. Suppose t + 446 = -f + 3*f, 2*f - 454 = -3*t. Calculate the greatest common divisor of f and u.
7
Suppose -22*o + 33*o + 55 = 0. Let j be 15/3 - (o + -20). Calculate the greatest common divisor of 90 and j.
30
Let f(w) = 5*w**3 + 94*w**2 + 31*w + 32. Let i be f(-18). Calculate the highest common factor of 896 and i.
14
Let q = -50 - -50. Suppose 5*y - 5*p - 55 = 0, q = 2*y - p + 5*p - 10. Calculate the highest common factor of 27 and y.
9
Suppose t = -2*t + 156. Suppose 5*u = -u - 4*u + 260. What is the highest common factor of t and u?
26
Let o be (950/6 - -2)*3. Let y(j) = -1395*j + 36283. Let s be y(26). Calculate the highest common divisor of s and o.
13
Let a be 268 + (3 + (-2 - -1))*1. What is the greatest common divisor of 320 and a?
10
Let j be (-5)/70*-2908 - 8/(-28). Suppose -4*k + 2*k - 5*v = -32, 2*k - v = 56. What is the greatest common factor of k and j?
26
Let z(l) = -2*l**3 - 4*l**2 - 3*l + 5. Let x be z(-3). Suppose -o - 24 = 3*m - 4*m, 0 = 2*m + 2*o - x. What is the highest common divisor of 20 and m?
20
Suppose -13*a = w - 8*a - 37, -5*a + 84 = 2*w. Calculate the highest common divisor of w and 517.
47
Suppose 4*g + 7990 = 2*z + 466, -3*z + 11279 = g. What is the highest common divisor of 720 and z?
80
Let w be 4*4/10*324810/401. Calculate the greatest common divisor of 336 and w.
48
Suppose -6*z + 98 + 22 = 0. Suppose -4*f = 5*m - 30, 5*f + z = 3*m + 2. Let v be m/12 + (-21)/(-2). Calculate the highest common divisor of v and 99.
11
Let n = -331 + 756. Let g = 440 - n. Suppose 2*i + 2*i = -4*j + 44, 3*i - 28 = 2*j. Calculate the greatest common divisor of i and g.
5
Let g(i) = -i**2 - 12*i + 199. Let n be g(-21). Suppose -a + 3*b = -27, -49 = -15*a + 12*a + b. What is the greatest common factor of a and n?
5
Let u be (9 + 19)*1/2. Suppose 3*r - r = u. Let t be (7 - 4 - -2)*r. What is the greatest common factor of 105 and t?
35
Let t be (7 - (-108 - -11))*(1 + 1). Suppose -h = -0 - 3. Suppose -2*z + z = -h*d + 80, d = -3*z + 20. Calculate the greatest common divisor of d and t.
26
Let n = 491 + -76. Suppose 7273*m - 7271*m = o - 29, 48 = -4*m. What is the highest common divisor of n and o?
5
Let j = 256 - 174. Let o = 85 - j. What is the highest common divisor of o and 18?
3
Let k(n) = -n**2 - 34*n + 38. Let f be k(-24). Let w = f + -254. Suppose 2*b - 4*b + 80 = 0. What is the greatest common factor of b and w?
8
Let k = 274 + -247. Let q = -19 + 22. Calculate the greatest common divisor of k and q.
3
Suppose -p = 19 + 273. Let m = -85 - p. What is the greatest common divisor of 23 and m?
23
Let k = 118 + -110. Suppose 30 = 3*r - 4*n + n, 0 = -2*r - 5*n - k. Suppose 3*p + r = y - 2*p, -y + 21 = -2*p. What is the highest common factor of y and 341?
31
Suppose -6